{"id":374,"date":"2018-01-24T13:51:28","date_gmt":"2018-01-24T13:51:28","guid":{"rendered":"http:\/\/www.kunst-punkt.com\/?page_id=374"},"modified":"2018-01-25T18:10:27","modified_gmt":"2018-01-25T18:10:27","slug":"publikationen","status":"publish","type":"page","link":"http:\/\/www.tatjana-schmidt.de\/index.php\/publikationen\/","title":{"rendered":"Publikationen"},"content":{"rendered":"<h4><strong>Januar 2018:<\/strong><\/h4>\n<h2 class=\"article__header__headline\">Tatjana Schmidt ist &#8222;Kreative des Monats&#8220;<\/h2>\n<p>Das monatlich erscheinende<a href=\"http:\/\/www.informer-magazine.de\/\"> <strong>INFORMER MAGAZINE Essen<\/strong> <\/a>hat in der <a href=\"https:\/\/issuu.com\/INFORMER-MAGAZINE-Essen\/docs\/informer_1801_issuu\">Januar-Ausgabe 2018<\/a> <strong>Tatjana Schmidt<\/strong> f\u00fcr ihre Arbeit an dem M\u00e4rchenbuch Dornr\u00f6schen mit dem Titel <strong>Kreative des Monats<\/strong> <strong>ausgezeichnet<\/strong>. Sie pr\u00e4sentieren Tatjana Schmidt inmitten ihrer K\u00fcnstlerpuppen auf Seite 12.\u200b<\/p>\n<table>\n<tbody>\n<tr>\n<td width=\"50% align=\">\u00a0<a href=\"http:\/\/www.informer-magazine.de\/\" target=\"_new\"><img loading=\"lazy\" decoding=\"async\" class=\"aligncenter wp-image-379 size-medium\" src=\"http:\/\/www.kunst-punkt.com\/wp-content\/uploads\/2018\/01\/imformer-217x300.jpg\" alt=\"\" width=\"217\" height=\"300\" srcset=\"http:\/\/www.tatjana-schmidt.de\/wp-content\/uploads\/2018\/01\/imformer-217x300.jpg 217w, http:\/\/www.tatjana-schmidt.de\/wp-content\/uploads\/2018\/01\/imformer.jpg 306w\" sizes=\"auto, (max-width: 217px) 100vw, 217px\" \/><\/a><\/td>\n<td width=\"50% align=\">\u00a0<a href=\"http:\/\/www.tatjana-schmidt.de\/index.php\/publikationen\/artikel_informer\/\"><img loading=\"lazy\" decoding=\"async\" class=\"aligncenter wp-image-382 size-large\" src=\"http:\/\/www.tatjana-schmidt.de\/wp-content\/uploads\/2018\/01\/Artikel_Informer-1024x576.bmp\" alt=\"\" width=\"869\" height=\"489\" srcset=\"http:\/\/www.tatjana-schmidt.de\/wp-content\/uploads\/2018\/01\/Artikel_Informer-1024x576.bmp 1024w, http:\/\/www.tatjana-schmidt.de\/wp-content\/uploads\/2018\/01\/Artikel_Informer-300x169.bmp 300w, http:\/\/www.tatjana-schmidt.de\/wp-content\/uploads\/2018\/01\/Artikel_Informer-768x432.bmp 768w, http:\/\/www.tatjana-schmidt.de\/wp-content\/uploads\/2018\/01\/Artikel_Informer.bmp 1920w\" sizes=\"auto, (max-width: 869px) 100vw, 869px\" \/><\/a><\/td>\n<\/tr>\n<\/tbody>\n<\/table>\n<p>&nbsp;<\/p>\n<h4><strong>November 2016:<\/strong><\/h4>\n<h2 class=\"article__header__headline\">Benefizkunst startet erfolgreich<\/h2>\n<p><a href=\"https:\/\/www.derwesten.de\/staedte\/wattenscheid\/benefizkunst-startet-erfolgreich-id12373764.html\">Ausstellung \u201eanimalia 3\u201c<\/a> und wohlt\u00e4tige Portr\u00e4t-Aktion sorgen f\u00fcr gro\u00dfes Besucherinteresse im Kunst- und Galeriehaus Bochum. Erl\u00f6se f\u00fcr Kunst und Tierheime<\/p>\n<table>\n<tbody>\n<tr>\n<td width=\"50% align=\"><a href=\"http:\/\/www.tatjana-schmidt.de\/index.php\/publikationen\/attachment\/121752966\/\" rel=\"attachment wp-att-391\"><img loading=\"lazy\" decoding=\"async\" class=\"aligncenter wp-image-391 size-medium\" src=\"http:\/\/www.tatjana-schmidt.de\/wp-content\/uploads\/2018\/01\/121752966-268x300.jpg\" alt=\"\" width=\"268\" height=\"300\" srcset=\"http:\/\/www.tatjana-schmidt.de\/wp-content\/uploads\/2018\/01\/121752966-268x300.jpg 268w, http:\/\/www.tatjana-schmidt.de\/wp-content\/uploads\/2018\/01\/121752966.jpg 483w\" sizes=\"auto, (max-width: 268px) 100vw, 268px\" \/><\/a><\/td>\n<td width=\"50% align=\"><a href=\"http:\/\/www.tatjana-schmidt.de\/index.php\/publikationen\/15134767_10154098210397688_6269768229275553743_n\/\" rel=\"attachment wp-att-393\"><img loading=\"lazy\" decoding=\"async\" class=\"aligncenter wp-image-393 size-medium\" src=\"http:\/\/www.tatjana-schmidt.de\/wp-content\/uploads\/2018\/01\/15134767_10154098210397688_6269768229275553743_n-198x300.jpg\" alt=\"\" width=\"198\" height=\"300\" srcset=\"http:\/\/www.tatjana-schmidt.de\/wp-content\/uploads\/2018\/01\/15134767_10154098210397688_6269768229275553743_n-198x300.jpg 198w, http:\/\/www.tatjana-schmidt.de\/wp-content\/uploads\/2018\/01\/15134767_10154098210397688_6269768229275553743_n.jpg 632w\" sizes=\"auto, (max-width: 198px) 100vw, 198px\" \/><\/a><\/td>\n<\/tr>\n<\/tbody>\n<\/table>\n<p>&nbsp;<\/p>\n<h4><strong>September 2016:<\/strong><\/h4>\n<h2 class=\"article__header__headline\">Meisterklasseausstellung \u201eLieblingsst\u00fccke\u201c in der Stadtgalerie Neuenrade, Niederheide<\/h2>\n<p>Neuenrade \u2013 \u201eDurch die Vielfalt wird es gelingen, dass jeder von uns sein ganz pers\u00f6nliches Lieblingsst\u00fcck findet\u201c, betonte Klaus Peter Sasse vom Forum Neuenrade anl\u00e4sslich der <a href=\"https:\/\/www.come-on.de\/lennetal\/neuenrade\/vernissage-vielfalt-lieblingsstuecke-meisterschueler-ihre-werke-6786487.html\" target=\"_new\">Vernissage in der Neuenrader Stadtgalerie<\/a>.<\/p>\n<h4><strong>Juni 2015:<\/strong><\/h4>\n<h2 class=\"article__header__headline\">Ausstellung \u201eFrauenrechte\u201c\u00a0im Kunst- und Galeriehaus Bochum<\/h2>\n<p><a href=\"https:\/\/www.derwesten.de\/staedte\/wattenscheid\/bilder-sprechen-hier-baende-id10753656.html\" target=\"_new\">Ausstellung \u201eFrauenrechte\u201c<\/a> wird am Samstag, den 07.06.2015 offiziell im Kunst- und Galeriehaus er\u00f6ffnet. Vorabschau bot erste Einblicke. Rund 100 Werke sind zu sehen.<\/p>\n<p><a href=\"http:\/\/www.tatjana-schmidt.de\/index.php\/publikationen\/ausstellung-frauenrechte\/\"><img loading=\"lazy\" decoding=\"async\" class=\"alignnone wp-image-395 size-medium\" src=\"http:\/\/www.tatjana-schmidt.de\/wp-content\/uploads\/2018\/01\/Ausstellung-Frauenrechte-202x300.jpg\" alt=\"\" width=\"202\" height=\"300\" srcset=\"http:\/\/www.tatjana-schmidt.de\/wp-content\/uploads\/2018\/01\/Ausstellung-Frauenrechte-202x300.jpg 202w, http:\/\/www.tatjana-schmidt.de\/wp-content\/uploads\/2018\/01\/Ausstellung-Frauenrechte.jpg 691w\" sizes=\"auto, (max-width: 202px) 100vw, 202px\" \/><\/a><\/p>\n<h4><strong>Januar 2015:<\/strong><\/h4>\n<h2 class=\"article__header__headline\">Meisterklasseausstellung \u201eLieblingsst\u00fccke\u201c im Kunst- und Galeriehaus, Bochum<\/h2>\n<p class=\"aktiv\">24. Januar bis 28. Februar 2015:\u00a0<a href=\"http:\/\/www.kunst-und-galeriehaus.de\/veranstaltungen\/archiv\/2015-01.html\" target=\"_blank\" rel=\"noopener\">Ausstellung \u201eLieblingsst\u00fccke\u201c<\/a><\/p>\n<table>\n<tbody>\n<tr>\n<td width=\"50% align=\">\u00a0<a href=\"https:\/\/www.derwesten.de\/staedte\/wattenscheid\/leistungsschau-der-lieblingsstuecke-id10271539.html\"><img loading=\"lazy\" decoding=\"async\" class=\"wp-image-434 size-full aligncenter\" src=\"http:\/\/www.kunst-punkt.com\/wp-content\/uploads\/2018\/01\/Kunstausstellung-in-Bochum-1.jpg\" alt=\"\" width=\"960\" height=\"540\" srcset=\"http:\/\/www.tatjana-schmidt.de\/wp-content\/uploads\/2018\/01\/Kunstausstellung-in-Bochum-1.jpg 960w, http:\/\/www.tatjana-schmidt.de\/wp-content\/uploads\/2018\/01\/Kunstausstellung-in-Bochum-1-300x169.jpg 300w, http:\/\/www.tatjana-schmidt.de\/wp-content\/uploads\/2018\/01\/Kunstausstellung-in-Bochum-1-768x432.jpg 768w\" sizes=\"auto, (max-width: 960px) 100vw, 960px\" \/><\/a><\/td>\n<td width=\"50% align=\"><a href=\"http:\/\/mirart.de\/wp-content\/uploads\/2017\/08\/waz_wattenscheid_1.pdf\"><img loading=\"lazy\" decoding=\"async\" class=\"size-medium wp-image-436 aligncenter\" src=\"http:\/\/www.kunst-punkt.com\/wp-content\/uploads\/2018\/01\/Wattenscheid-256x300.jpg\" alt=\"\" width=\"256\" height=\"300\" srcset=\"http:\/\/www.tatjana-schmidt.de\/wp-content\/uploads\/2018\/01\/Wattenscheid-256x300.jpg 256w, http:\/\/www.tatjana-schmidt.de\/wp-content\/uploads\/2018\/01\/Wattenscheid.jpg 711w\" sizes=\"auto, (max-width: 256px) 100vw, 256px\" \/><\/a><\/td>\n<\/tr>\n<\/tbody>\n<\/table>\n<h4 class=\"fittexted_for_content_h3\"><\/h4>\n","protected":false},"excerpt":{"rendered":"<p>Januar 2018: Tatjana Schmidt ist &#8222;Kreative des Monats&#8220; Das monatlich erscheinende INFORMER MAGAZINE Essen hat in der Januar-Ausgabe 2018 Tatjana Schmidt f\u00fcr ihre Arbeit an dem M\u00e4rchenbuch Dornr\u00f6schen mit dem Titel Kreative des Monats ausgezeichnet. Sie pr\u00e4sentieren Tatjana Schmidt inmitten ihrer K\u00fcnstlerpuppen auf Seite 12.\u200b \u00a0 \u00a0 &nbsp; November 2016: Benefizkunst startet erfolgreich Ausstellung \u201eanimalia&hellip;<\/p>\n","protected":false},"author":1,"featured_media":379,"parent":0,"menu_order":0,"comment_status":"closed","ping_status":"closed","template":"","meta":{"jetpack_post_was_ever_published":false,"footnotes":""},"class_list":["post-374","page","type-page","status-publish","has-post-thumbnail","hentry","post-grid-2-col","entry"],"jetpack_sharing_enabled":true,"jetpack_shortlink":"https:\/\/wp.me\/P9vJe8-62","_links":{"self":[{"href":"http:\/\/www.tatjana-schmidt.de\/index.php\/wp-json\/wp\/v2\/pages\/374","targetHints":{"allow":["GET"]}}],"collection":[{"href":"http:\/\/www.tatjana-schmidt.de\/index.php\/wp-json\/wp\/v2\/pages"}],"about":[{"href":"http:\/\/www.tatjana-schmidt.de\/index.php\/wp-json\/wp\/v2\/types\/page"}],"author":[{"embeddable":true,"href":"http:\/\/www.tatjana-schmidt.de\/index.php\/wp-json\/wp\/v2\/users\/1"}],"replies":[{"embeddable":true,"href":"http:\/\/www.tatjana-schmidt.de\/index.php\/wp-json\/wp\/v2\/comments?post=374"}],"version-history":[{"count":44,"href":"http:\/\/www.tatjana-schmidt.de\/index.php\/wp-json\/wp\/v2\/pages\/374\/revisions"}],"predecessor-version":[{"id":446,"href":"http:\/\/www.tatjana-schmidt.de\/index.php\/wp-json\/wp\/v2\/pages\/374\/revisions\/446"}],"wp:featuredmedia":[{"embeddable":true,"href":"http:\/\/www.tatjana-schmidt.de\/index.php\/wp-json\/wp\/v2\/media\/379"}],"wp:attachment":[{"href":"http:\/\/www.tatjana-schmidt.de\/index.php\/wp-json\/wp\/v2\/media?parent=374"}],"curies":[{"name":"wp","href":"https:\/\/api.w.org\/{rel}","templated":true}]}}